{"id":191,"date":"2025-11-09T16:56:53","date_gmt":"2025-11-09T15:56:53","guid":{"rendered":"https:\/\/lama-team.de\/wordpress\/?page_id=191"},"modified":"2025-11-16T20:01:51","modified_gmt":"2025-11-16T19:01:51","slug":"tierische-intervention","status":"publish","type":"page","link":"https:\/\/lama-team.de\/wordpress\/tierische-intervention\/","title":{"rendered":"Tiergest\u00fctzte Intervention"},"content":{"rendered":"<div data-colibri-id=\"191-c1\" class=\"style-432 style-local-191-c1 position-relative\">\n  <!---->\n  <div data-colibri-component=\"section\" data-colibri-id=\"191-c2\" id=\"features\" class=\"h-section h-section-global-spacing d-flex align-items-lg-center align-items-md-center align-items-center style-433 style-local-191-c2 position-relative\">\n    <!---->\n    <!---->\n    <div class=\"h-section-grid-container h-section-boxed-container\">\n      <div data-colibri-id=\"191-c16\" class=\"h-row-container gutters-row-lg-2 gutters-row-md-2 gutters-row-2 gutters-row-v-lg-2 gutters-row-v-md-2 gutters-row-v-2 style-441 style-local-191-c16 position-relative\">\n        <!---->\n        <div class=\"h-row justify-content-lg-center justify-content-md-center justify-content-center align-items-lg-stretch align-items-md-stretch align-items-stretch gutters-col-lg-2 gutters-col-md-2 gutters-col-2 gutters-col-v-lg-2 gutters-col-v-md-2 gutters-col-v-2\">\n          <!---->\n          <div class=\"h-column h-column-container d-flex h-col-lg-auto h-col-md-auto h-col-auto style-442-outer style-local-191-c17-outer\">\n            <div data-colibri-id=\"191-c17\" class=\"d-flex h-flex-basis h-column__inner h-px-lg-2 h-px-md-2 h-px-2 v-inner-lg-2 v-inner-md-2 v-inner-2 style-442 style-local-191-c17 position-relative\">\n              <!---->\n              <!---->\n              <div class=\"w-100 h-y-container h-column__content h-column__v-align flex-basis-100 align-self-lg-start align-self-md-start align-self-start\">\n                <!---->\n                <div data-colibri-id=\"191-c18\" class=\"h-lead h-text h-text-component style-444 style-local-191-c18 position-relative h-element\">\n                  <!---->\n                  <!---->\n                  <div class=\"\">\n                    <p>Tiere ber\u00fchren Menschen auf eine ganz besondere Weise \u2013 sie \u00f6ffnen Herzen, schenken Ruhe und schaffen Vertrauen. Bei unserer tierischen Intervention verbinden wir die sanfte Art unserer Lamas, die beruhigende Wirkung der Achat-Schnecken\n                      und die fr\u00f6hliche, einf\u00fchlsame Begleitung von H\u00fcndin Nala zu einzigartigen Erlebnissen, die K\u00f6rper, Geist und Seele wohltuend st\u00e4rken.<\/p>\n                    <p>Ob in der Einzelf\u00f6rderung, in Gruppenangeboten, in der Kita, Schule, Senioreneinrichtung oder im Rahmen von Betriebsausfl\u00fcgen \u2013 die Begegnung mit unseren Tieren unterst\u00fctzt auf nat\u00fcrliche Weise:<\/p>\n                    <ul>\n                      <li>F\u00f6rderung von Achtsamkeit, Empathie und Konzentration<\/li>\n                      <li>St\u00e4rkung von Selbstvertrauen und sozialem Miteinander<\/li>\n                      <li>Abbau von Stress und innerer Unruhe<\/li>\n                      <li>F\u00f6rderung von Bewegung und Wahrnehmung<\/li>\n                      <li>St\u00e4rkung der Resilienz<\/li>\n                    <\/ul>\n                    <p>Unsere tierischen Mitarbeiter begegnen jedem Menschen ohne Vorurteile \u2013 mit Ruhe, Geduld und ganz viel Herz. So entstehen echte Begegnungen, die lange in Erinnerung bleiben.<\/p>\n                    <p>Tierische Intervention beim Lama Team Pecksen mit N\u00e4he, Natur und Vertrauen zu einem ruhigeren und innerlich gest\u00e4rktem Selbst.<\/p>\n                  <\/div>\n                <\/div>\n              <\/div>\n            <\/div>\n          <\/div>\n        <\/div>\n      <\/div>\n      <div data-colibri-id=\"191-c3\" class=\"h-row-container gutters-row-lg-2 gutters-row-md-2 gutters-row-2 gutters-row-v-lg-2 gutters-row-v-md-2 gutters-row-v-2 style-434 style-local-191-c3 position-relative\">\n        <!---->\n        <div class=\"h-row justify-content-lg-center justify-content-md-center justify-content-center align-items-lg-stretch align-items-md-stretch align-items-stretch gutters-col-lg-2 gutters-col-md-2 gutters-col-2 gutters-col-v-lg-2 gutters-col-v-md-2 gutters-col-v-2\">\n          <!---->\n          <div class=\"h-column h-column-container d-flex h-col-lg-4 h-col-md-6 h-col-12 style-435-outer style-local-191-c4-outer\">\n            <div data-colibri-id=\"191-c4\" class=\"d-flex h-flex-basis h-column__inner h-px-lg-0 h-px-md-0 h-px-0 v-inner-lg-0 v-inner-md-0 v-inner-0 style-435 style-local-191-c4 position-relative\">\n              <!---->\n              <!---->\n              <div class=\"w-100 h-y-container h-column__content h-column__v-align flex-basis-100 align-self-lg-start align-self-md-start align-self-start\">\n                <!---->\n                <div data-colibri-id=\"191-c5\" class=\"d-block style-436 style-local-191-c5 position-relative h-element\">\n                  <!---->\n                  <div class=\"h-image__frame-container-outer\">\n                    <div class=\"h-image__frame-container\">\n                      <!---->\n                      <!---->\n                      <img loading=\"lazy\" decoding=\"async\" width=\"1080\" height=\"1080\" src=\"https:\/\/lama-team.de\/wordpress\/wp-content\/uploads\/2025\/11\/cropped-IMG-20251102-WA0020.jpg\" class=\"wp-image-531 style-436-image style-local-191-c5-image\" alt=\"\" srcset=\"https:\/\/lama-team.de\/wordpress\/wp-content\/uploads\/2025\/11\/cropped-IMG-20251102-WA0020.jpg 1080w, https:\/\/lama-team.de\/wordpress\/wp-content\/uploads\/2025\/11\/cropped-IMG-20251102-WA0020-300x300.jpg 300w, https:\/\/lama-team.de\/wordpress\/wp-content\/uploads\/2025\/11\/cropped-IMG-20251102-WA0020-1024x1024.jpg 1024w, https:\/\/lama-team.de\/wordpress\/wp-content\/uploads\/2025\/11\/cropped-IMG-20251102-WA0020-150x150.jpg 150w, https:\/\/lama-team.de\/wordpress\/wp-content\/uploads\/2025\/11\/cropped-IMG-20251102-WA0020-768x768.jpg 768w\" sizes=\"auto, (max-width: 1080px) 100vw, 1080px\" \/>\n                      <div class=\"h-image__frame h-hide-lg h-hide-md h-hide-sm style-436-frameImage style-local-191-c5-frameImage\"><\/div>\n                    <\/div>\n                  <\/div>\n                <\/div>\n                <div data-colibri-id=\"191-c6\" class=\"h-global-transition-all h-heading style-437 style-local-191-c6 position-relative h-element\">\n                  <!---->\n                  <div class=\"h-heading__outer style-437 style-local-191-c6\">\n                    <!---->\n                    <!---->\n                    <h4 class=\"\">Schnecken<\/h4>\n                  <\/div>\n                <\/div>\n              <\/div>\n            <\/div>\n          <\/div>\n          <div class=\"h-column h-column-container d-flex h-col-lg-4 h-col-md-6 h-col-12 style-435-outer style-local-191-c7-outer\">\n            <div data-colibri-id=\"191-c7\" class=\"d-flex h-flex-basis h-column__inner h-px-lg-0 h-px-md-0 h-px-0 v-inner-lg-0 v-inner-md-0 v-inner-0 style-435 style-local-191-c7 position-relative\">\n              <!---->\n              <!---->\n              <div class=\"w-100 h-y-container h-column__content h-column__v-align flex-basis-100 align-self-lg-start align-self-md-start align-self-start\">\n                <!---->\n                <div data-colibri-id=\"191-c8\" class=\"d-block style-436 style-local-191-c8 position-relative h-element\">\n                  <!---->\n                  <div class=\"h-image__frame-container-outer\">\n                    <div class=\"h-image__frame-container\">\n                      <!---->\n                      <!---->\n                      <img loading=\"lazy\" decoding=\"async\" width=\"1199\" height=\"1201\" src=\"https:\/\/lama-team.de\/wordpress\/wp-content\/uploads\/2025\/11\/cropped-kuscheln.png\" class=\"wp-image-243 style-436-image style-local-191-c8-image\" alt=\"\" srcset=\"https:\/\/lama-team.de\/wordpress\/wp-content\/uploads\/2025\/11\/cropped-kuscheln.png 1199w, https:\/\/lama-team.de\/wordpress\/wp-content\/uploads\/2025\/11\/cropped-kuscheln-300x300.png 300w, https:\/\/lama-team.de\/wordpress\/wp-content\/uploads\/2025\/11\/cropped-kuscheln-1022x1024.png 1022w, https:\/\/lama-team.de\/wordpress\/wp-content\/uploads\/2025\/11\/cropped-kuscheln-150x150.png 150w, https:\/\/lama-team.de\/wordpress\/wp-content\/uploads\/2025\/11\/cropped-kuscheln-768x769.png 768w\" sizes=\"auto, (max-width: 1199px) 100vw, 1199px\" \/>\n                      <div class=\"h-image__frame h-hide-lg h-hide-md h-hide-sm style-436-frameImage style-local-191-c8-frameImage\"><\/div>\n                    <\/div>\n                  <\/div>\n                <\/div>\n                <div data-colibri-id=\"191-c9\" class=\"h-global-transition-all h-heading style-437 style-local-191-c9 position-relative h-element\">\n                  <!---->\n                  <div class=\"h-heading__outer style-437 style-local-191-c9\">\n                    <!---->\n                    <!---->\n                    <h4 class=\"\">Lamas<\/h4>\n                  <\/div>\n                <\/div>\n              <\/div>\n            <\/div>\n          <\/div>\n          <div class=\"h-column h-column-container d-flex h-col-lg-4 h-col-md-6 h-col-12 style-435-outer style-local-191-c10-outer\">\n            <div data-colibri-id=\"191-c10\" class=\"d-flex h-flex-basis h-column__inner h-px-lg-0 h-px-md-0 h-px-0 v-inner-lg-0 v-inner-md-0 v-inner-0 style-435 style-local-191-c10 position-relative\">\n              <!---->\n              <!---->\n              <div class=\"w-100 h-y-container h-column__content h-column__v-align flex-basis-100 align-self-lg-start align-self-md-start align-self-start\">\n                <!---->\n                <div data-colibri-id=\"191-c11\" class=\"d-block style-436 style-local-191-c11 position-relative h-element\">\n                  <!---->\n                  <div class=\"h-image__frame-container-outer\">\n                    <div class=\"h-image__frame-container\">\n                      <!---->\n                      <!---->\n                      <img loading=\"lazy\" decoding=\"async\" width=\"1929\" height=\"1927\" src=\"https:\/\/lama-team.de\/wordpress\/wp-content\/uploads\/2025\/11\/cropped-hund-scaled-1.jpg\" class=\"wp-image-566 style-436-image style-local-191-c11-image\" alt=\"\" srcset=\"https:\/\/lama-team.de\/wordpress\/wp-content\/uploads\/2025\/11\/cropped-hund-scaled-1.jpg 1929w, https:\/\/lama-team.de\/wordpress\/wp-content\/uploads\/2025\/11\/cropped-hund-scaled-1-300x300.jpg 300w, https:\/\/lama-team.de\/wordpress\/wp-content\/uploads\/2025\/11\/cropped-hund-scaled-1-1024x1024.jpg 1024w, https:\/\/lama-team.de\/wordpress\/wp-content\/uploads\/2025\/11\/cropped-hund-scaled-1-150x150.jpg 150w, https:\/\/lama-team.de\/wordpress\/wp-content\/uploads\/2025\/11\/cropped-hund-scaled-1-768x767.jpg 768w, https:\/\/lama-team.de\/wordpress\/wp-content\/uploads\/2025\/11\/cropped-hund-scaled-1-1536x1534.jpg 1536w\" sizes=\"auto, (max-width: 1929px) 100vw, 1929px\" \/>\n                      <div class=\"h-image__frame h-hide-lg h-hide-md h-hide-sm style-436-frameImage style-local-191-c11-frameImage\"><\/div>\n                    <\/div>\n                  <\/div>\n                <\/div>\n                <div data-colibri-id=\"191-c12\" class=\"h-global-transition-all h-heading style-437 style-local-191-c12 position-relative h-element\">\n                  <!---->\n                  <div class=\"h-heading__outer style-437 style-local-191-c12\">\n                    <!---->\n                    <!---->\n                    <h4 class=\"\">H\u00fcndin<\/h4>\n                  <\/div>\n                <\/div>\n              <\/div>\n            <\/div>\n          <\/div>\n        <\/div>\n      <\/div>\n    <\/div>\n  <\/div>\n<\/div>","protected":false},"excerpt":{"rendered":"<p>Tiere ber\u00fchren Menschen auf eine ganz besondere Weise \u2013 sie \u00f6ffnen Herzen, schenken Ruhe und schaffen Vertrauen. Bei unserer tierischen Intervention verbinden wir die sanfte Art unserer Lamas, die beruhigende [&hellip;]<\/p>\n","protected":false},"author":1,"featured_media":0,"parent":0,"menu_order":0,"comment_status":"closed","ping_status":"closed","template":"page-templates\/full-width-page.php","meta":{"footnotes":""},"class_list":["post-191","page","type-page","status-publish","hentry"],"yoast_head":"<!-- This site is optimized with the Yoast SEO plugin v27.1.1 - https:\/\/yoast.com\/product\/yoast-seo-wordpress\/ -->\n<title>Tiergest\u00fctzte Intervention - Lama Team<\/title>\n<meta name=\"robots\" content=\"index, follow, max-snippet:-1, max-image-preview:large, max-video-preview:-1\" \/>\n<link rel=\"canonical\" href=\"https:\/\/lama-team.de\/wordpress\/tierische-intervention\/\" \/>\n<meta property=\"og:locale\" content=\"de_DE\" \/>\n<meta property=\"og:type\" content=\"article\" \/>\n<meta property=\"og:title\" content=\"Tiergest\u00fctzte Intervention - Lama Team\" \/>\n<meta property=\"og:description\" content=\"Tiere ber\u00fchren Menschen auf eine ganz besondere Weise \u2013 sie \u00f6ffnen Herzen, schenken Ruhe und schaffen Vertrauen. Bei unserer tierischen Intervention verbinden wir die sanfte Art unserer Lamas, die beruhigende [&hellip;]\" \/>\n<meta property=\"og:url\" content=\"https:\/\/lama-team.de\/wordpress\/tierische-intervention\/\" \/>\n<meta property=\"og:site_name\" content=\"Lama Team\" \/>\n<meta property=\"article:modified_time\" content=\"2025-11-16T19:01:51+00:00\" \/>\n<meta property=\"og:image\" content=\"https:\/\/lama-team.de\/wordpress\/wp-content\/uploads\/2025\/11\/cropped-IMG-20251102-WA0020.jpg\" \/>\n\t<meta property=\"og:image:width\" content=\"1080\" \/>\n\t<meta property=\"og:image:height\" content=\"1080\" \/>\n\t<meta property=\"og:image:type\" content=\"image\/jpeg\" \/>\n<meta name=\"twitter:card\" content=\"summary_large_image\" \/>\n<meta name=\"twitter:label1\" content=\"Gesch\u00e4tzte Lesezeit\" \/>\n\t<meta name=\"twitter:data1\" content=\"1\u00a0Minute\" \/>\n<script type=\"application\/ld+json\" class=\"yoast-schema-graph\">{\"@context\":\"https:\/\/schema.org\",\"@graph\":[{\"@type\":\"WebPage\",\"@id\":\"https:\/\/lama-team.de\/wordpress\/tierische-intervention\/\",\"url\":\"https:\/\/lama-team.de\/wordpress\/tierische-intervention\/\",\"name\":\"Tiergest\u00fctzte Intervention - Lama Team\",\"isPartOf\":{\"@id\":\"https:\/\/lama-team.de\/wordpress\/#website\"},\"primaryImageOfPage\":{\"@id\":\"https:\/\/lama-team.de\/wordpress\/tierische-intervention\/#primaryimage\"},\"image\":{\"@id\":\"https:\/\/lama-team.de\/wordpress\/tierische-intervention\/#primaryimage\"},\"thumbnailUrl\":\"https:\/\/lama-team.de\/wordpress\/wp-content\/uploads\/2025\/11\/cropped-IMG-20251102-WA0020.jpg\",\"datePublished\":\"2025-11-09T15:56:53+00:00\",\"dateModified\":\"2025-11-16T19:01:51+00:00\",\"breadcrumb\":{\"@id\":\"https:\/\/lama-team.de\/wordpress\/tierische-intervention\/#breadcrumb\"},\"inLanguage\":\"de\",\"potentialAction\":[{\"@type\":\"ReadAction\",\"target\":[\"https:\/\/lama-team.de\/wordpress\/tierische-intervention\/\"]}]},{\"@type\":\"ImageObject\",\"inLanguage\":\"de\",\"@id\":\"https:\/\/lama-team.de\/wordpress\/tierische-intervention\/#primaryimage\",\"url\":\"https:\/\/lama-team.de\/wordpress\/wp-content\/uploads\/2025\/11\/cropped-IMG-20251102-WA0020.jpg\",\"contentUrl\":\"https:\/\/lama-team.de\/wordpress\/wp-content\/uploads\/2025\/11\/cropped-IMG-20251102-WA0020.jpg\",\"width\":1080,\"height\":1080},{\"@type\":\"BreadcrumbList\",\"@id\":\"https:\/\/lama-team.de\/wordpress\/tierische-intervention\/#breadcrumb\",\"itemListElement\":[{\"@type\":\"ListItem\",\"position\":1,\"name\":\"Start\",\"item\":\"https:\/\/lama-team.de\/wordpress\/\"},{\"@type\":\"ListItem\",\"position\":2,\"name\":\"Tiergest\u00fctzte Intervention\"}]},{\"@type\":\"WebSite\",\"@id\":\"https:\/\/lama-team.de\/wordpress\/#website\",\"url\":\"https:\/\/lama-team.de\/wordpress\/\",\"name\":\"Lama Team\",\"description\":\"\",\"publisher\":{\"@id\":\"https:\/\/lama-team.de\/wordpress\/#organization\"},\"potentialAction\":[{\"@type\":\"SearchAction\",\"target\":{\"@type\":\"EntryPoint\",\"urlTemplate\":\"https:\/\/lama-team.de\/wordpress\/?s={search_term_string}\"},\"query-input\":{\"@type\":\"PropertyValueSpecification\",\"valueRequired\":true,\"valueName\":\"search_term_string\"}}],\"inLanguage\":\"de\"},{\"@type\":\"Organization\",\"@id\":\"https:\/\/lama-team.de\/wordpress\/#organization\",\"name\":\"Lama Team\",\"url\":\"https:\/\/lama-team.de\/wordpress\/\",\"logo\":{\"@type\":\"ImageObject\",\"inLanguage\":\"de\",\"@id\":\"https:\/\/lama-team.de\/wordpress\/#\/schema\/logo\/image\/\",\"url\":\"https:\/\/lama-team.de\/wordpress\/wp-content\/uploads\/2025\/11\/cropped-IMG-20251119-WA0002-1.png\",\"contentUrl\":\"https:\/\/lama-team.de\/wordpress\/wp-content\/uploads\/2025\/11\/cropped-IMG-20251119-WA0002-1.png\",\"width\":1041,\"height\":1041,\"caption\":\"Lama Team\"},\"image\":{\"@id\":\"https:\/\/lama-team.de\/wordpress\/#\/schema\/logo\/image\/\"},\"sameAs\":[\"https:\/\/www.youtube.com\/@Lama-Team\/\"]}]}<\/script>\n<!-- \/ Yoast SEO plugin. -->","yoast_head_json":{"title":"Tiergest\u00fctzte Intervention - Lama Team","robots":{"index":"index","follow":"follow","max-snippet":"max-snippet:-1","max-image-preview":"max-image-preview:large","max-video-preview":"max-video-preview:-1"},"canonical":"https:\/\/lama-team.de\/wordpress\/tierische-intervention\/","og_locale":"de_DE","og_type":"article","og_title":"Tiergest\u00fctzte Intervention - Lama Team","og_description":"Tiere ber\u00fchren Menschen auf eine ganz besondere Weise \u2013 sie \u00f6ffnen Herzen, schenken Ruhe und schaffen Vertrauen. Bei unserer tierischen Intervention verbinden wir die sanfte Art unserer Lamas, die beruhigende [&hellip;]","og_url":"https:\/\/lama-team.de\/wordpress\/tierische-intervention\/","og_site_name":"Lama Team","article_modified_time":"2025-11-16T19:01:51+00:00","og_image":[{"width":1080,"height":1080,"url":"https:\/\/lama-team.de\/wordpress\/wp-content\/uploads\/2025\/11\/cropped-IMG-20251102-WA0020.jpg","type":"image\/jpeg"}],"twitter_card":"summary_large_image","twitter_misc":{"Gesch\u00e4tzte Lesezeit":"1\u00a0Minute"},"schema":{"@context":"https:\/\/schema.org","@graph":[{"@type":"WebPage","@id":"https:\/\/lama-team.de\/wordpress\/tierische-intervention\/","url":"https:\/\/lama-team.de\/wordpress\/tierische-intervention\/","name":"Tiergest\u00fctzte Intervention - Lama Team","isPartOf":{"@id":"https:\/\/lama-team.de\/wordpress\/#website"},"primaryImageOfPage":{"@id":"https:\/\/lama-team.de\/wordpress\/tierische-intervention\/#primaryimage"},"image":{"@id":"https:\/\/lama-team.de\/wordpress\/tierische-intervention\/#primaryimage"},"thumbnailUrl":"https:\/\/lama-team.de\/wordpress\/wp-content\/uploads\/2025\/11\/cropped-IMG-20251102-WA0020.jpg","datePublished":"2025-11-09T15:56:53+00:00","dateModified":"2025-11-16T19:01:51+00:00","breadcrumb":{"@id":"https:\/\/lama-team.de\/wordpress\/tierische-intervention\/#breadcrumb"},"inLanguage":"de","potentialAction":[{"@type":"ReadAction","target":["https:\/\/lama-team.de\/wordpress\/tierische-intervention\/"]}]},{"@type":"ImageObject","inLanguage":"de","@id":"https:\/\/lama-team.de\/wordpress\/tierische-intervention\/#primaryimage","url":"https:\/\/lama-team.de\/wordpress\/wp-content\/uploads\/2025\/11\/cropped-IMG-20251102-WA0020.jpg","contentUrl":"https:\/\/lama-team.de\/wordpress\/wp-content\/uploads\/2025\/11\/cropped-IMG-20251102-WA0020.jpg","width":1080,"height":1080},{"@type":"BreadcrumbList","@id":"https:\/\/lama-team.de\/wordpress\/tierische-intervention\/#breadcrumb","itemListElement":[{"@type":"ListItem","position":1,"name":"Start","item":"https:\/\/lama-team.de\/wordpress\/"},{"@type":"ListItem","position":2,"name":"Tiergest\u00fctzte Intervention"}]},{"@type":"WebSite","@id":"https:\/\/lama-team.de\/wordpress\/#website","url":"https:\/\/lama-team.de\/wordpress\/","name":"Lama Team","description":"","publisher":{"@id":"https:\/\/lama-team.de\/wordpress\/#organization"},"potentialAction":[{"@type":"SearchAction","target":{"@type":"EntryPoint","urlTemplate":"https:\/\/lama-team.de\/wordpress\/?s={search_term_string}"},"query-input":{"@type":"PropertyValueSpecification","valueRequired":true,"valueName":"search_term_string"}}],"inLanguage":"de"},{"@type":"Organization","@id":"https:\/\/lama-team.de\/wordpress\/#organization","name":"Lama Team","url":"https:\/\/lama-team.de\/wordpress\/","logo":{"@type":"ImageObject","inLanguage":"de","@id":"https:\/\/lama-team.de\/wordpress\/#\/schema\/logo\/image\/","url":"https:\/\/lama-team.de\/wordpress\/wp-content\/uploads\/2025\/11\/cropped-IMG-20251119-WA0002-1.png","contentUrl":"https:\/\/lama-team.de\/wordpress\/wp-content\/uploads\/2025\/11\/cropped-IMG-20251119-WA0002-1.png","width":1041,"height":1041,"caption":"Lama Team"},"image":{"@id":"https:\/\/lama-team.de\/wordpress\/#\/schema\/logo\/image\/"},"sameAs":["https:\/\/www.youtube.com\/@Lama-Team\/"]}]}},"_links":{"self":[{"href":"https:\/\/lama-team.de\/wordpress\/wp-json\/wp\/v2\/pages\/191","targetHints":{"allow":["GET"]}}],"collection":[{"href":"https:\/\/lama-team.de\/wordpress\/wp-json\/wp\/v2\/pages"}],"about":[{"href":"https:\/\/lama-team.de\/wordpress\/wp-json\/wp\/v2\/types\/page"}],"author":[{"embeddable":true,"href":"https:\/\/lama-team.de\/wordpress\/wp-json\/wp\/v2\/users\/1"}],"replies":[{"embeddable":true,"href":"https:\/\/lama-team.de\/wordpress\/wp-json\/wp\/v2\/comments?post=191"}],"version-history":[{"count":10,"href":"https:\/\/lama-team.de\/wordpress\/wp-json\/wp\/v2\/pages\/191\/revisions"}],"predecessor-version":[{"id":806,"href":"https:\/\/lama-team.de\/wordpress\/wp-json\/wp\/v2\/pages\/191\/revisions\/806"}],"wp:attachment":[{"href":"https:\/\/lama-team.de\/wordpress\/wp-json\/wp\/v2\/media?parent=191"}],"curies":[{"name":"wp","href":"https:\/\/api.w.org\/{rel}","templated":true}]}}